hat is the value of -2 + 4 + (-1 - 0) + -9?
-8
Calculate (2 + 3 - (-1 - -4)) + -2.
0
What is the value of 3 + -1 + (4 - 9)?
-3
Evaluate -2 + (-2 - (-2 - 3) - 4).
-3
What is the value of (6 - 5) + -1 + 2 + -5?
-3
What is the value of -9 + 20 - 10 - -1?
2
What is -7 + 10 - (7 + -2 - -2)?
-4
What is the value of 4 + (-15 - (-10 + 4))?
-5
(15 + -10 - (2 - 2)) + -1
4
What is the value of -34 + 20 + 5 + 1?
-8
Calculate 0 - (-1 + 4 + 0).
-3
What is the value of -3 + -4 + 9 + -3 + 11?
10
What is 4 - (9 + -4 - -1)?
-2
Calculate 6 - (3 - -6) - -2.
-1
Calculate -1 + -17 - (-85 - -74).
-7
Calculate -6 - (-4 + 7 + -10).
1
Calculate 6 + (2 + 5 - 15).
-2
-3 + (12 + -11 - 3)
-5
What is -1 + 1 - (5 + -5)?
0
-3 + 1 + 3 + -8 - 3
-10
What is the value of 8 - (1 + -1 + 5)?
3
1 + -5 + 2 + (8 - 5)
1
What is the value of -3 + 10 - 6 - 3 - 2?
-4
Calculate 7 + (-3 - -4) + -4 + 1.
5
Calculate -10 - (9 + -12 + -3).
-4
What is -6 + (25 + -6 - 9)?
4
Evaluate -2 + (-2 - -4) + -1 + -1.
-2
What is -3 - (-8 - -6) - 10 - -5?
-6
What is -5 - (-6 - (-5 + 2 - 3))?
-5
What is the value of -2 + -8 + 3 + 0 + 3?
-4
Evaluate 7 + -22 + 7 + 9.
1
What is the value of (-8 - (-7 - 13)) + -6?
6
What is the value of -11 - (-2 + -1) - (-5 + 1)?
-4
-2 - (0 + (-4 - 0))
2
Calculate (-2 - -1 - (-4 - -5)) + 0.
-2
-4 - (-11 + 5) - 6
-4
Evaluate (-12 - -27) + -11 - (0 + 8).
-4
What is -3 - -3 - (0 + -2)?
2
What is the value of (-100 - -101) + (-1 - 0)?
0
What is -1 - -4 - (15 - 15) - -1?
4
What is 2 + (-1 + 0 - 5)?
-4
(1 + -3 - -2) + 0 - 1
-1
Evaluate 0 + -4 + (-5 - 0) + 14.
5
Evaluate -4 - (0 + -2 + -3 + 1).
0
What is -4 - (4 + 3) - -3?
-8
What is the value of (-17 - -8 - 0) + 9?
0
What is the value of 6 - (8 + 6 + -6)?
-2
29 + -15 - 7 - (-1 - 0)
8
2 - 3 - (-4 - -4)
-1
What is the value of (7 - 7) + 3 + -7?
-4
Calculate -2 + 2 - (11 + -9).
-2
Calculate -5 - (-3 + -4 + 0).
2
-3 - (-10 + 3) - 4
0
2 + 0 - (1 + 8) - -8
1
What is 9 + -4 - 9 - -7?
3
What is the value of -3 + (1 + -4 - -4)?
-2
Evaluate -5 + (7 - 1) + -5 + 3.
-1
What is the value of -2 + -1 + 1 - (1 + 0)?
-3
What is the value of 11 + (-13 - (-16 - -8))?
6
Calculate -4 + (3 - 4) - (-4 - -1).
-2
What is 0 - -12 - (12 + 7 - 14)?
7
(1 - 0) + (19 - 21)
-1
What is the value of 1 + 3 - -2 - 10?
-4
Calculate 3 + -5 + 1 + 2 + -4.
-3
Evaluate -2 - 2 - (-26 - -26).
-4
What is the value of (1 + 3 + -3 - -3) + -6?
-2
Calculate (-2 - -4 - 0) + -4.
-2
What is 2 + (-2 - -1 - (1 - -1))?
-1
What is the value of 3 - ((-6 - -7) + (-1 - -3))?
0
Calculate -3 - 1 - (14 - 15).
-3
Evaluate -2 + (16 - 15) + 0.
-1
Evaluate -3 - 2 - (-4 + 1).
-2
What is 4 - 1 - (-29 - -27)?
5
What is -4 - -1 - (-1 - (-6 - -5))?
-3
What is 8 + -3 + -3 + 1 - 1?
2
(1 + -2 + 5 - -6) + -4
6
What is the value of -6 + (2 - 0) + -13 + 17?
0
Evaluate 23 + -20 + (-6 - 6).
-9
What is 0 + 3 - (3 + -3)?
3
Evaluate (-3 - (0 + -4)) + -9 + 4.
-4
What is -1 + 5 - 2 - (3 + 0)?
-1
Calculate -1 + 6 + -3 + -5 - -4.
1
Evaluate 0 - 0 - 6 - (-558 + 561).
-9
1 + (-4 - 0) + (-14 - -22)
5
What is (-2 - -1) + (1 - 2) + -2?
-4
Calculate (0 - -8) + -7 - 3 - -10.
8
(-1 - (1 - -1)) + (-4 - -7)
0
Calculate 8 + -3 + -13 + 18.
10
What is the value of (-34 - -25) + (3 - -1)?
-5
Evaluate 20 + -21 + 0 + 1.
0
Evaluate 4 - ((4 - 2) + 2) - -5.
5
What is the value of (12 + -7 - -12) + -11?
6
Evaluate (-3 - -1) + 3 + -2.
-1
What is -4 + 0 + 1 - (-9 - -10)?
-4
Evaluate 13 - (4 + (2 - -10)).
-3
What is -11 + -12 + 8 - -10?
-5
Evaluate 14 + -21 + 2 + 0 + -1.
-6
Evaluate -1 - ((-3 - 0) + -2 + 1).
3
Evaluate -5 - (-4 - (5 - -1)).
5
What is the value of (-3 - 5) + 3 + 7?
2
Evaluate 5 + -1 - (-109 + 120).
-7
Calculate -1 + -4 + 5 - (0 + -3).
3
Calculate 1 + 0 - (38 + -36).
-1
-21 + 18 + -4 + 2
-5
Calculate -2 + -6 + (1 - -4) - -10.
7
Calculate 5 + (-18 - -5) - -3.
-5
Evaluate 4 + -3 - -8 - (4 + 0).
5
Evaluate (6 - 1) + (30 - 34).
1
What is the value of 17 + -20 - (-7 - -1)?
3
What is (-9 - -1) + -1 + 2 + 2?
-5
What is (-15 - -17) + (-3 - 1)?
-2
What is 0 - -3 - 3 - 4?
-4
2 - ((-7 - -6) + -1 + 2)
2
Calculate -3 + 10 - (1 + 5).
1
33 + -38 - (-10 + 1 - -2)
2
(0 - (-12 + 7)) + -2 + -7
-4
Calculate 7 + (-5 - (0 - (-6 + 10))).
6
What is -3 + 3 + -8 + 7?
-1
Calculate 0 - (0 + -2 - 2).
4
Evaluate (2 + -1 - (1 - 4)) + 1.
5
Calculate (-5 - 5) + 9 - -6.
5
Calculate 6 - ((-5 - 0) + 3).
8
What is the value of (152 - 152) + (-6 - -1)?
-5
What is the value of 3 + -5 + (-4 - -6)?
0
What is (3 - 1) + (3 - 6)?
-1
1 - (-3 + (2 - 2))
4
What is the value of -1 - (1 + (-2 - -2) + -4)?
2
Calculate 3 - (-1 + (6 - 3)) - 1.
0
Calculate 14 + (3 - 4) + -7.
6
What is (3 - 4) + -5 + 2?
-4
(-11 - -28 - 12) + -12 + 1
-6
Calculate 2 - (-2 - (3 + (-4 - -2))).
5
3 - (-7 - (-6 - 17) - 4)
-9
-2 - (0 - -2) - -6
2
What is the value of -8 + 9 - (1 - 5)?
5
What is (-6 - (1 + (-6 - -1))) + -3?
-5
Calculate (-1 - (-1 + -1)) + -39 + 42.
4
Calculate 3 + 3 + 0 - 4.
2
What is the value of -5 - (4 + -10) - 5?
-4
Calculate -3 - (12 - 7 - 11).
3
6 - ((5 - 6) + 10)
-3
-5 + -3 + (0 - -12) - 4
0
Evaluate 4 + (4 - 4 - 1).
3
Calculate -37 + 37 + (-1 - (-2 + 2)).
-1
(3 + -1 - 1) + 1 + 0
2
Calculate 5 - 6 - -6 - (3 + -2).
4
Calculate -5 + 8 + 2 - 0.
5
What is -3 + (6 + -2 - 10 - -6)?
-3
What is (1 - 3) + (-1 - (-2 - 3))?
2
Evaluate 2 - (-3 + 5 + -3).
3
Calculate -2 + (0 - (-3 - -4)) - 1.
-4
What is (1 + 3 - (5 - -1)) + -1?
-3
Evaluate -2 + 0 + 3 + -27 + 28.
2
What is (0 - (-3 + 3)) + -4 - -7?
3
What is the value of (4 - 2) + -2 + -2 + 2?
0
What is (-1 - 1) + -1 + 5?
2
Calculate 4 - 4 - 3 - -7.
4
Evaluate (3 - -3) + -3 + -2.
1
25 - 34 - (-2 + -6)
-1
What is (-2 - 3) + (86 - 80)?
1
Evaluate 7 + -4 + -1 - (-5 + 1).
6
What is the value of -4 + 10 + -1 - 8?
-3
What is -8 + 11 + -5 + (0 - -8)?
6
-1 + (6 - 10 - (-2 + -1))
-2
Evaluate -13 + -5 + (20 - 4).
-2
Evaluate -10 + (-1 - -10) - (3 + 1).
-5
What is the value of 6 - (5 + 7) - -4?
-2
6 + -5 + -1 - (0 + -4)
4
Evaluate -3 + (4 - -1) + -4.
-2
0 - (1 + 2) - -5
2
Evaluate -19 + 12 + -1 + 4 + 0.
-4
Evaluate -10 + (-1 - -2) + 7.
-2
What is -1 - 2 - (10 - 12)?
-1
-3 + 4 + (0 - -1)
2
3 - (-2 - -1 - (10 + -21))
-7
Calculate 1 + (1 - 9) - (198 + -206).
1
Evaluate 1 + (0 - (3 - 4) - -2).
4
Evaluate 0 + -3 + (-3 - -5 - 2).
-3
What is the value of -6 + -7 + -1 + (-4 - -11)?
-7
11 + (16 + -20 - (1 - 2))
8
What is 5 + 0 + -3 + -7?
-5
Calculate 3 - (-7 + (11 - 2) + -6).
7
What is the value of -3 - 0 - -2 - 2?
-3
43 - 29 - (2 + 6)
6
Evaluate -9 - (8 + -5) - -7 - -3.
-2
Calculate (0 + -1 - -5) + -1.
3
Calculate -14 + 19 + (-9 - 1).
-5
What is the value of -2 + -4 + 12 + 1?
7
What is 3 + (-3 - 5) + 2?
-3
Evaluate 1 + 4 + -4 - -2 - 3.
0
0 + 6 - (19 - 18)
5
What is the value of (12 - (-7 + 20)) + 12?
11
What is the value of (-5 - (1 + 2 + -5)) + 4?
1
Evaluate 6 - 10 - (-1 + -2 - -4).
-5
Calculate -6 + (20 - (-2 + (-7 - -12))).
11
1 - ((8 - -4 - 8) + -3)
0
What is the value of (-7 - 0) + -31 + 38 + -2?
-2
Evaluate 15 + -6 + 4 + -4.
9
What is (12 - 9) + 1 + (-1 - 1)?
2
What is -4 + 3 + 0 - 0?
-1
(3 - (10 - 6)) + -2 + 6
3
Calculate -3 - (-3 + 6 + (-1 - -2)).
-7
What is -10 - -3 - (-20 + 18)?
-5
Calculate 16 + -8 + -14 - (-1 - 3).
-2
What is the value of -2 + 4 + (-12 - -8)?
-2
Calculate (-2 - 7 - -1) + 1.
-7
Evaluate 0 + 2 + -2 - (-7 - -6).
1
(8 - (1 + 2)) + -10 + 7
2
What is the value of 6 - ((-2 - -6) + (-4 - -4))?
2
What is (16 + -2 - -3) + -5 - 5?
7
Evaluate 0 + (10 - 11 - (1 + 0)).
-2
What is the value of -1 + -3 - -3 - (-6 + 2)?
3
Evaluate -3 + 3 - (13 - 19).
6
Evaluate 72 + -61 + (-6 - (2 - 4)).
7
Calculate -7 + (2 - -17) - 7.
5
What is 2 - (1 + 11 - 7)?
-3
Calculate -3 + (-7 - -8) + 1.
-1
Evaluate (0 - -2) + -2 + (0 - 1).
-1
4 + 2 + (-5 - (0 + 5))
-4
Evaluate -6 - 1 - (-8 + 2).
-1
What is 2 - ((-13 - -11) + 5 + 2)?
-3
Calculate 5 - (3 - -1) - (-3 - -1).
3
Evaluate 9 + -5 + -3 + 1.
2
2 + 2 - 2 - (4 + -7)
5
Evaluate (3 - 7 - -3) + -1 - -3.
1
What is -4 - ((7 - 4) + -8)?
1
Calculate -5 + 1 - (-2 + 1).
-3
Evaluate -3 - 5 - (0 + -13).
5
2 + (-3 - -1 - -4) + 0
4
Calculate -4 + -2 + 2 + 3 - -2.
1
Calculate (7 - -3 - 8) + (4 - 2).
4
Calculate -5 + 14 - (-1 + 5).
5
Evaluate -1 - (3 - 0 - 5) - -4.
5
What is the value of -6 + 2 + (4 - (2 - 1))?
-1
What is the value of (-3 - -5) + -4 + 0?
-2
What is the value of (-7 - -2 - 3) + 7?
-1
Calculate 8 + (-3 + 2 - (-5 + 9)